{"id":313,"date":"2025-06-16T17:30:05","date_gmt":"2025-06-16T15:30:05","guid":{"rendered":"https:\/\/www.residenciaanoia.com\/la-residencia\/"},"modified":"2026-04-24T13:27:59","modified_gmt":"2026-04-24T11:27:59","slug":"la-residencia","status":"publish","type":"page","link":"https:\/\/www.residenciaanoia.com\/ca\/la-residencia\/","title":{"rendered":"La Resid\u00e8ncia"},"content":{"rendered":"\t\t<div data-elementor-type=\"wp-page\" data-elementor-id=\"313\" class=\"elementor elementor-313 elementor-81\" data-elementor-post-type=\"page\">\n\t\t\t\t<div class=\"elementor-element elementor-element-101f813a e-flex e-con-boxed e-con e-parent\" data-id=\"101f813a\" data-element_type=\"container\" data-e-type=\"container\" data-settings=\"{&quot;background_background&quot;:&quot;classic&quot;}\">\n\t\t\t\t\t<div class=\"e-con-inner\">\n\t\t<div class=\"elementor-element elementor-element-1f14dd7a e-con-full e-flex e-con e-child\" data-id=\"1f14dd7a\" data-element_type=\"container\" data-e-type=\"container\" data-settings=\"{&quot;background_background&quot;:&quot;classic&quot;}\">\n\t\t\t\t<div class=\"elementor-element elementor-element-a29e4d8 elementor-widget elementor-widget-heading\" data-id=\"a29e4d8\" data-element_type=\"widget\" data-e-type=\"widget\" data-widget_type=\"heading.default\">\n\t\t\t\t<div class=\"elementor-widget-container\">\n\t\t\t\t\t<h1 class=\"elementor-heading-title elementor-size-default\">CASA VERD\u00da<\/h1>\t\t\t\t<\/div>\n\t\t\t\t<\/div>\n\t\t\t\t<div class=\"elementor-element elementor-element-69c0fc58 elementor-widget elementor-widget-text-editor\" data-id=\"69c0fc58\" data-element_type=\"widget\" data-e-type=\"widget\" data-widget_type=\"text-editor.default\">\n\t\t\t\t<div class=\"elementor-widget-container\">\n\t\t\t\t\t\t\t\t\t<p>LA NOSTRA MASIA<br> FAMILIAR A MARTORELL,<br> AMB M\u00c9S DE 100 ANYS DE<br> HIST\u00d2RIA,<br> \u00c9S ARA LA SEVA CASA.<\/p>\t\t\t\t\t\t\t\t<\/div>\n\t\t\t\t<\/div>\n\t\t\t\t<\/div>\n\t\t<div class=\"elementor-element elementor-element-f1b5e39 e-con-full e-flex e-con e-child\" data-id=\"f1b5e39\" data-element_type=\"container\" data-e-type=\"container\">\n\t\t\t\t<div class=\"elementor-element elementor-element-250467ae elementor-widget elementor-widget-image\" data-id=\"250467ae\" data-element_type=\"widget\" data-e-type=\"widget\" data-widget_type=\"image.default\">\n\t\t\t\t<div class=\"elementor-widget-container\">\n\t\t\t\t\t\t\t\t\t\t\t\t\t\t\t<img fetchpriority=\"high\" decoding=\"async\" width=\"615\" height=\"369\" src=\"https:\/\/www.residenciaanoia.com\/wp-content\/uploads\/2025\/06\/32.jpg\" class=\"attachment-full size-full wp-image-258\" alt=\"\" srcset=\"https:\/\/www.residenciaanoia.com\/wp-content\/uploads\/2025\/06\/32.jpg 615w, https:\/\/www.residenciaanoia.com\/wp-content\/uploads\/2025\/06\/32-300x180.jpg 300w\" sizes=\"(max-width: 615px) 100vw, 615px\" \/>\t\t\t\t\t\t\t\t\t\t\t\t\t\t\t<\/div>\n\t\t\t\t<\/div>\n\t\t\t\t<\/div>\n\t\t\t\t\t<\/div>\n\t\t\t\t<\/div>\n\t\t<div class=\"elementor-element elementor-element-ec9410b e-flex e-con-boxed e-con e-parent\" data-id=\"ec9410b\" data-element_type=\"container\" data-e-type=\"container\" data-settings=\"{&quot;background_background&quot;:&quot;classic&quot;}\">\n\t\t\t\t\t<div class=\"e-con-inner\">\n\t\t<div class=\"elementor-element elementor-element-de8a41a e-con-full e-flex e-con e-child\" data-id=\"de8a41a\" data-element_type=\"container\" data-e-type=\"container\">\n\t\t\t\t<div class=\"elementor-element elementor-element-5c3ea629 elementor-widget elementor-widget-text-editor\" data-id=\"5c3ea629\" data-element_type=\"widget\" data-e-type=\"widget\" data-widget_type=\"text-editor.default\">\n\t\t\t\t<div class=\"elementor-widget-container\">\n\t\t\t\t\t\t\t\t\t<p>Un tros de la nostra hist\u00f2ria i de la hist\u00f2ria de Martorell, avui al cor del nostre poble, per\u00f2 envoltada d&#8217;horts i natura.<br> Dos robusts xiprers centenaris ens donen la benvinguda, seguint el m\u00e9s arrelat de la tradici\u00f3 de les masies de Catalunya: Acollir el viatger, oferir-li aigua i aliment. I a partir d&#8217;ara, un allotjament especial per als nostres grans. Per aix\u00f2 la meva fam\u00edlia i jo hem plantat un tercer xiprer que simbolitza la nova etapa de la casa i de la nostra fam\u00edlia. El nostre comprom\u00eds, perqu\u00e8 romangui en el temps i creixi fort i alt.<\/p>\t\t\t\t\t\t\t\t<\/div>\n\t\t\t\t<\/div>\n\t\t\t\t<\/div>\n\t\t<div class=\"elementor-element elementor-element-605b086 e-con-full e-flex e-con e-child\" data-id=\"605b086\" data-element_type=\"container\" data-e-type=\"container\">\n\t\t\t\t<div class=\"elementor-element elementor-element-386f241 elementor-widget elementor-widget-image\" data-id=\"386f241\" data-element_type=\"widget\" data-e-type=\"widget\" data-widget_type=\"image.default\">\n\t\t\t\t<div class=\"elementor-widget-container\">\n\t\t\t\t\t\t\t\t\t\t\t\t\t\t\t<img decoding=\"async\" width=\"300\" height=\"789\" src=\"https:\/\/www.residenciaanoia.com\/wp-content\/uploads\/2026\/04\/Foto-2.jpg\" class=\"attachment-full size-full wp-image-469\" alt=\"\" srcset=\"https:\/\/www.residenciaanoia.com\/wp-content\/uploads\/2026\/04\/Foto-2.jpg 300w, https:\/\/www.residenciaanoia.com\/wp-content\/uploads\/2026\/04\/Foto-2-114x300.jpg 114w\" sizes=\"(max-width: 300px) 100vw, 300px\" \/>\t\t\t\t\t\t\t\t\t\t\t\t\t\t\t<\/div>\n\t\t\t\t<\/div>\n\t\t\t\t<div class=\"elementor-element elementor-element-5ee428e elementor-widget elementor-widget-image\" data-id=\"5ee428e\" data-element_type=\"widget\" data-e-type=\"widget\" data-widget_type=\"image.default\">\n\t\t\t\t<div class=\"elementor-widget-container\">\n\t\t\t\t\t\t\t\t\t\t\t\t\t\t\t<img decoding=\"async\" width=\"243\" height=\"246\" src=\"https:\/\/www.residenciaanoia.com\/wp-content\/uploads\/2025\/06\/30.jpg\" class=\"attachment-full size-full wp-image-260\" alt=\"\" \/>\t\t\t\t\t\t\t\t\t\t\t\t\t\t\t<\/div>\n\t\t\t\t<\/div>\n\t\t<div class=\"elementor-element elementor-element-a446916 e-con-full e-flex e-con e-child\" data-id=\"a446916\" data-element_type=\"container\" data-e-type=\"container\" data-settings=\"{&quot;background_background&quot;:&quot;classic&quot;}\">\n\t\t\t\t<\/div>\n\t\t\t\t<\/div>\n\t\t\t\t\t<\/div>\n\t\t\t\t<\/div>\n\t\t\t\t<\/div>\n\t\t","protected":false},"excerpt":{"rendered":"<p>CASA VERD\u00da LA NOSTRA MASIA FAMILIAR A MARTORELL, AMB M\u00c9S DE 100 ANYS DE HIST\u00d2RIA, \u00c9S ARA LA SEVA CASA. Un tros de la nostra hist\u00f2ria i de la hist\u00f2ria de Martorell, avui al cor del nostre poble, per\u00f2 envoltada d&#8217;horts i natura. Dos robusts xiprers centenaris ens donen la benvinguda, seguint el m\u00e9s arrelat [&hellip;]<\/p>\n","protected":false},"author":1,"featured_media":0,"parent":0,"menu_order":0,"comment_status":"closed","ping_status":"closed","template":"","meta":{"footnotes":""},"class_list":["post-313","page","type-page","status-publish","hentry"],"_links":{"self":[{"href":"https:\/\/www.residenciaanoia.com\/ca\/wp-json\/wp\/v2\/pages\/313","targetHints":{"allow":["GET"]}}],"collection":[{"href":"https:\/\/www.residenciaanoia.com\/ca\/wp-json\/wp\/v2\/pages"}],"about":[{"href":"https:\/\/www.residenciaanoia.com\/ca\/wp-json\/wp\/v2\/types\/page"}],"author":[{"embeddable":true,"href":"https:\/\/www.residenciaanoia.com\/ca\/wp-json\/wp\/v2\/users\/1"}],"replies":[{"embeddable":true,"href":"https:\/\/www.residenciaanoia.com\/ca\/wp-json\/wp\/v2\/comments?post=313"}],"version-history":[{"count":2,"href":"https:\/\/www.residenciaanoia.com\/ca\/wp-json\/wp\/v2\/pages\/313\/revisions"}],"predecessor-version":[{"id":470,"href":"https:\/\/www.residenciaanoia.com\/ca\/wp-json\/wp\/v2\/pages\/313\/revisions\/470"}],"wp:attachment":[{"href":"https:\/\/www.residenciaanoia.com\/ca\/wp-json\/wp\/v2\/media?parent=313"}],"curies":[{"name":"wp","href":"https:\/\/api.w.org\/{rel}","templated":true}]}}

La Residència

<div data-elementor-type="wp-page" data-elementor-id="313" class="elementor elementor-313 elementor-81" data-elementor-post-type="page">
				<div class="elementor-element elementor-element-101f813a e-flex e-con-boxed e-con e-parent" data-id="101f813a" data-element_type="container" data-e-type="container" data-settings="{&quot;background_background&quot;:&quot;classic&quot;}">
					<div class="e-con-inner">
		<div class="elementor-element elementor-element-1f14dd7a e-con-full e-flex e-con e-child" data-id="1f14dd7a" data-element_type="container" data-e-type="container" data-settings="{&quot;background_background&quot;:&quot;classic&quot;}">
				<div class="elementor-element elementor-element-a29e4d8 elementor-widget elementor-widget-heading" data-id="a29e4d8" data-element_type="widget" data-e-type="widget" data-widget_type="heading.default">
				<div class="elementor-widget-container">
					<h1 class="elementor-heading-title elementor-size-default">CASA VERDÚ</h1>				</div>
				</div>
				<div class="elementor-element elementor-element-69c0fc58 elementor-widget elementor-widget-text-editor" data-id="69c0fc58" data-element_type="widget" data-e-type="widget" data-widget_type="text-editor.default">
				<div class="elementor-widget-container">
									<p>LA NOSTRA MASIA<br> FAMILIAR A MARTORELL,<br> AMB MÉS DE 100 ANYS DE<br> HISTÒRIA,<br> ÉS ARA LA SEVA CASA.</p>								</div>
				</div>
				</div>
		<div class="elementor-element elementor-element-f1b5e39 e-con-full e-flex e-con e-child" data-id="f1b5e39" data-element_type="container" data-e-type="container">
				<div class="elementor-element elementor-element-250467ae elementor-widget elementor-widget-image" data-id="250467ae" data-element_type="widget" data-e-type="widget" data-widget_type="image.default">
				<div class="elementor-widget-container">
															<img fetchpriority="high" decoding="async" width="615" height="369" src="https://www.residenciaanoia.com/wp-content/uploads/2025/06/32.jpg" class="attachment-full size-full wp-image-258" alt="" srcset="https://www.residenciaanoia.com/wp-content/uploads/2025/06/32.jpg 615w, https://www.residenciaanoia.com/wp-content/uploads/2025/06/32-300x180.jpg 300w" sizes="(max-width: 615px) 100vw, 615px" />															</div>
				</div>
				</div>
					</div>
				</div>
		<div class="elementor-element elementor-element-ec9410b e-flex e-con-boxed e-con e-parent" data-id="ec9410b" data-element_type="container" data-e-type="container" data-settings="{&quot;background_background&quot;:&quot;classic&quot;}">
					<div class="e-con-inner">
		<div class="elementor-element elementor-element-de8a41a e-con-full e-flex e-con e-child" data-id="de8a41a" data-element_type="container" data-e-type="container">
				<div class="elementor-element elementor-element-5c3ea629 elementor-widget elementor-widget-text-editor" data-id="5c3ea629" data-element_type="widget" data-e-type="widget" data-widget_type="text-editor.default">
				<div class="elementor-widget-container">
									<p>Un tros de la nostra història i de la història de Martorell, avui al cor del nostre poble, però envoltada d&#8217;horts i natura.<br> Dos robusts xiprers centenaris ens donen la benvinguda, seguint el més arrelat de la tradició de les masies de Catalunya: Acollir el viatger, oferir-li aigua i aliment. I a partir d&#8217;ara, un allotjament especial per als nostres grans. Per això la meva família i jo hem plantat un tercer xiprer que simbolitza la nova etapa de la casa i de la nostra família. El nostre compromís, perquè romangui en el temps i creixi fort i alt.</p>								</div>
				</div>
				</div>
		<div class="elementor-element elementor-element-605b086 e-con-full e-flex e-con e-child" data-id="605b086" data-element_type="container" data-e-type="container">
				<div class="elementor-element elementor-element-386f241 elementor-widget elementor-widget-image" data-id="386f241" data-element_type="widget" data-e-type="widget" data-widget_type="image.default">
				<div class="elementor-widget-container">
															<img decoding="async" width="300" height="789" src="https://www.residenciaanoia.com/wp-content/uploads/2026/04/Foto-2.jpg" class="attachment-full size-full wp-image-469" alt="" srcset="https://www.residenciaanoia.com/wp-content/uploads/2026/04/Foto-2.jpg 300w, https://www.residenciaanoia.com/wp-content/uploads/2026/04/Foto-2-114x300.jpg 114w" sizes="(max-width: 300px) 100vw, 300px" />															</div>
				</div>
				<div class="elementor-element elementor-element-5ee428e elementor-widget elementor-widget-image" data-id="5ee428e" data-element_type="widget" data-e-type="widget" data-widget_type="image.default">
				<div class="elementor-widget-container">
															<img decoding="async" width="243" height="246" src="https://www.residenciaanoia.com/wp-content/uploads/2025/06/30.jpg" class="attachment-full size-full wp-image-260" alt="" />															</div>
				</div>
		<div class="elementor-element elementor-element-a446916 e-con-full e-flex e-con e-child" data-id="a446916" data-element_type="container" data-e-type="container" data-settings="{&quot;background_background&quot;:&quot;classic&quot;}">
				</div>
				</div>
					</div>
				</div>
				</div>

<p>CASA VERDÚ LA NOSTRA MASIA FAMILIAR A MARTORELL, AMB MÉS DE 100 ANYS DE HISTÒRIA, ÉS ARA LA SEVA CASA. Un tros de la nostra història i de la història de Martorell, avui al cor del nostre poble, però envoltada d&#8217;horts i natura. Dos robusts xiprers centenaris ens donen la benvinguda, seguint el més arrelat [&hellip;]</p>
